 9, what is -205 + 1?
-204
In base 8, what is 24361 - 5?
24354
In base 6, what is -31243 - 10?
-31253
In base 11, what is 8 - -2?
a
In base 16, what is -d + 32?
25
In base 16, what is 3f - -27?
66
In base 10, what is -13967 - -1?
-13966
In base 4, what is 1 + -2033?
-2032
In base 11, what is aa + -50?
5a
In base 16, what is 1 + -2c?
-2b
In base 11, what is -1 - -91?
90
In base 10, what is 1469 + 4?
1473
In base 15, what is 222 - -b?
22d
In base 14, what is -8 - -c?
4
In base 10, what is -1410 - 1?
-1411
In base 10, what is 3172 - -2?
3174
In base 2, what is -1100101001000 + 100?
-1100101000100
In base 7, what is -2 + -1033?
-1035
In base 6, what is 22 + -122?
-100
In base 9, what is -122 + 3?
-118
In base 5, what is 2 - 42232?
-42230
In base 3, what is -12 - 1021211?
-1022000
In base 14, what is 1 - -20?
21
In base 8, what is 107 - -25?
134
In base 10, what is -1 - 40?
-41
In base 9, what is 127 - -176?
314
In base 7, what is 0 - 102?
-102
In base 15, what is -5 + -17?
-1c
In base 9, what is -3 + 4?
1
In base 7, what is 1101 - 4?
1064
In base 14, what is 10 + -20?
-10
In base 7, what is -10 - -1?
-6
In base 8, what is -73 + -437?
-532
In base 11, what is -2568 - -2?
-2566
In base 7, what is 1 - -143?
144
In base 3, what is -100 - -220220?
220120
In base 6, what is -130 - -54?
-32
In base 9, what is -5 - 26?
-32
In base 4, what is -130 + -1?
-131
In base 7, what is 66 + -151?
-52
In base 6, what is -4 - 14351?
-14355
In base 12, what is 1b4 + 1?
1b5
In base 16, what is 2 - -15?
17
In base 5, what is -10 + -3133?
-3143
In base 8, what is 10 - 1464?
-1454
In base 15, what is b3 + -6?
ac
In base 14, what is 4 + 15?
19
In base 6, what is 110 - -4?
114
In base 4, what is -1 - -23?
22
In base 9, what is 158 + 1?
160
In base 15, what is -2c + -2a?
-57
In base 11, what is 1 + -737?
-736
In base 4, what is 0 + 11213?
11213
In base 8, what is -1605 - -4?
-1601
In base 10, what is -15 + 9?
-6
In base 14, what is -5 - 4a?
-51
In base 12, what is 6 - -1192?
1198
In base 14, what is -4 + -50?
-54
In base 5, what is 112 + 32?
144
In base 7, what is 126 - -12?
141
In base 8, what is -2 + 61?
57
In base 10, what is -44 - 144?
-188
In base 2, what is -10 - -10001001011?
10001001001
In base 10, what is 4 + -257?
-253
In base 2, what is -10111001 - 101?
-10111110
In base 6, what is -20 - -5150?
5130
In base 9, what is 27 - -68?
106
In base 15, what is -1 - -12d?
12c
In base 8, what is -10 + 253?
243
In base 8, what is -25 - -75?
50
In base 10, what is -2195 - -2?
-2193
In base 12, what is 10 - 0?
10
In base 10, what is 1 - -1270?
1271
In base 5, what is 14 - 21?
-2
In base 15, what is 0 - -9c?
9c
In base 5, what is -42 - -302?
210
In base 16, what is -20 + 1?
-1f
In base 13, what is 22 - 2?
20
In base 15, what is 0 + -252?
-252
In base 8, what is -225 + -6?
-233
In base 3, what is -102 + -2111?
-2220
In base 8, what is 1 - 325?
-324
In base 8, what is -4 - -447?
443
In base 13, what is 195 - -10?
1a5
In base 5, what is -30 - -202?
122
In base 16, what is -a - 0?
-a
In base 12, what is -4 + -123?
-127
In base 10, what is 40 - -131?
171
In base 9, what is -1 - -226?
225
In base 9, what is -5 + -4356?
-4362
In base 2, what is 11 + 1100010?
1100101
In base 16, what is -9 - -2db?
2d2
In base 15, what is -3 + -41?
-44
In base 10, what is 5 + -153?
-148
In base 15, what is 0 + -196?
-196
In base 6, what is 310 - 12?
254
In base 11, what is -44 + 21?
-23
In base 11, what is 0 - 541?
-541
In base 3, what is 1221101110 - 12?
1221101021
In base 6, what is 5 - 1?
4
In base 15, what is 47 - -4?
4b
In base 6, what is 5310 + -1?
5305
In base 14, what is 1b1 + -4?
1ab
In base 7, what is 201 - -11?
212
In base 13, what is 4 + -b2?
-ab
In base 3, what is 12 - -10?
22
In base 4, what is 1 - 12330?
-12323
In base 15, what is 6 + -10?
-9
In base 13, what is 2 - -11?
13
In base 12, what is -1 - -152?
151
In base 4, what is 11 + 13?
30
In base 6, what is -301 - 1?
-302
In base 2, what is 11 + 10101001?
10101100
In base 2, what is -11010000 - -11?
-11001101
In base 10, what is 37 + 10?
47
In base 14, what is -608 - 4?
-60c
In base 8, what is -11 + 1011?
1000
In base 12, what is -51 - -15?
-38
In base 7, what is 123 - -13?
136
In base 2, what is 111010 + 101101?
1100111
In base 7, what is 3 + -16210?
-16204
In base 9, what is 4 + -14518?
-14514
In base 12, what is 4 + 19?
21
In base 10, what is -6 - 0?
-6
In base 15, what is 4 - 82?
-7d
In base 2, what is 1 + 1010100100100?
1010100100101
In base 3, what is 120 - -10?
200
In base 14, what is 2 - -113?
115
In base 14, what is a49 - 2?
a47
In base 13, what is 6 + 80?
86
In base 5, what is -1 + 40?
34
In base 16, what is 4 + -2d2?
-2ce
In base 16, what is dc + 5?
e1
In base 11, what is -3 - -a1?
99
In base 14, what is -1 + 1c2?
1c1
In base 5, what is 4 + -12?
-3
In base 16, what is b9c + -3?
b99
In base 16, what is 11 - 5?
c
In base 10, what is 2 + -72?
-70
In base 8, what is 552 - -10?
562
In base 6, what is -410 + 5?
-401
In base 8, what is 13 + 57?
72
In base 3, what is 1200 + -2?
1121
In base 6, what is -100200 + -5?
-100205
In base 4, what is -12013 - -20?
-11333
In base 7, what is 5 - -266?
304
In base 5, what is 10431 - 2?
10424
In base 3, what is 1 + 10022112?
10022120
In base 3, what is 0 - -1011022?
1011022
In base 9, what is 1 - 632?
-631
In base 2, what is -1 - -11001?
11000
In base 4, what is 10 - -3211?
3221
In base 11, what is -2 + 39?
37
In base 13, what is -17 + 267?
250
In base 10, what is -4 - -33?
29
In base 5, what is -3 + -13240?
-13243
In base 10, what is -2 - -202?
200
In base 10, what is -8 + -225?
-233
In base 13, what is -3 + 4a?
47
In base 6, what is 1 - -2051?
2052
In base 11, what is a + -48?
-39
In base 4, what is 2 + -10210?
-10202
In base 11, what is -77a - 5?
-784
In base 4, what is -10 + 1103310?
1103300
In base 6, what is 12100 + 0?
12100
In base 7, what is 55 - 66?
-11
In base 5, what is -12034 - 14?
-12103
In base 16, what is 129e + -5?
1299
In base 6, what is -35 + -110?
-145
In base 13, what is -93 - -2?
-91
In base 13, what is -c8 - -4?
-c4
In base 11, what is 39 + 7?
45
In base 16, what is 9863 + 1?
9864
In base 15, what is 5 + -994?
-98e
In base 6, what is 1041 + -2?
1035
In base 14, what is a0 - -15?
b5
In base 15, what is bdc - 2?
bda
In base 6, what is -15403 - -5?
-15354
In base 5, what is 2 + 30?
32
In base 6, what is 121 + -4?
113
In base 14, what is 938 - -5?
93d
In base 10, what is -7 + -82?
-89
In base 11, what is 1863 + 3?
1866
In base 11, what is 13a + 13?
152
In base 14, what is -77c + 3?
-779
In base 14, what is 9c5 + 1?
9c6
In base 12, what is -2 + -37?
-39
In base 11, what is -49a5 - 3?
-49a8
In base 4, what is -1001013 - -1?
-1001012
In base 14, what is -217 - 4?
-21b
In base 2, what is -10 - -11000?
10110
In base 14, what is -4 + -8c9?
-8cd
In base 15, what is 27 + 31?
58
In base 16, what is -1b2 + -2?
-1b4
In base 16, what is -1e + -7?
-25
In base 12, what is 2 + -113b?
-1139
In base 6, what is 1104 + -5?
1055
In base 14, what is 921 + -4?
91b
In base 14, what is -1005 - -2?
-1003
In base 7, what is 33 + -554?
-521
In base 4, what is -203120 - 2?
-203122
In base 14, what is c6 + 4?
ca
In base 13, what is 3 - 9?
-6
In base 6, what is -10 - -24?
14
In base 7, what is 5 + 111?
116
In base 4, what is 100 - 1?
33
In base 7, what is -2 + -23?
-25
In base 4, what is 3 - 3032?
-3023
In base 13, what is 119 - 2?
117
In base 7, what is 2021 - -4?
2025
In base 3, what is -1012222 + 10?
-1012212
In base 15, what is 1b5 - -2?
1b7
In base 7, what is 422 + -15?
404
In base 11, what is -125 + a?
-116
In base 6, what is 31254 - -3?
31301
In base 10, what is 3 - -50?
53
In base 9, what is 1 + 540?
541
In base 6, what is -5 - 520?
-525
In base 13, what is 6c - 25?
47
In base 11, what is 4 - 4?
0
In base 3, what is 202221 - -200?
210121
In base 11, what is -337 + -2?
-339
In base 16, what is 1 + 8c?
8d
In base 13, what is -2 + 8?
6
In base 15, what is 1a12 - -4?
1a16
In base 2, what is -1 + 1110?
1101
In base 11, what is 14 - 3?
11
In base 4, what is -301 + -320?
-1221
In base 4, what is -23 - 31?
-120
In base 9, what is 0 - -22?
22
In base 10, what is -8 + -77?
-85
In base 6, what is 41 + -130?
-45
In base 9, what is 18 + 1?
20
In base 12, what is -295 + 2?
-293
In base 9, what is -8 + -242?
-251